Is ((-58940)/8 - -4)/(3/(-4)) a prime number?
False
Let q = -355 - -2944. Let m = q + -1391. Is m a composite number?
True
Let x = -629 - -629. Let z be (-2)/3 + 274/6. Is x - (-1 - 0 - z) prime?
False
Let f(z) = 9*z**3 + z**2 - 4*z - 5. Let q(v) = v**3 - v - 1. Let d(n) = f(n) - 5*q(n). Let l be d(-1). Is (-6 - l)*83/(-2) composite?
False
Suppose 76264 = 9*i - 123797. Is i a composite number?
False
Let g(c) = 364*c**2 + c - 2. Is g(-7) prime?
True
Suppose 19 = 5*x + z, 5*x + 5*z - 7*z = 7. Suppose -5389 = -x*w + 2*a, 3*w + 4*a + 2417 = 7776. Is w a composite number?
True
Suppose -4*g - 14708 = -w + 9683, 2*g + 48806 = 2*w. Is w a prime number?
True
Let n(r) = -377*r - 14. Let j = 14 - 17. Is n(j) composite?
False
Suppose x = -719 + 5470. Is x a composite number?
False
Is (-18412)/((-16)/4) + 42/(-7) a prime number?
True
Let s(o) = o**3 - 10*o**2 + 10*o - 4. Let m be s(9). Suppose 4*c = -r + 239, m*r = r + 12. Is c composite?
False
Suppose -93*h = -99*h + 5106. Is h composite?
True
Let q(x) = 3*x**3 + 2*x**2 + 4. Let j be q(-3). Let v(y) = -2*y**2 - y - 1. Let t be v(3). Let z = t - j. Is z a prime number?
True
Let h = 91 - 826. Let q = -328 - h. Is q a prime number?
False
Let x be ((-18)/(-54))/((-1)/(-15)). Suppose 3*r = -0*r + 15, x*q - 3*r + 165 = 0. Is 74/(2/q*-6) a prime number?
False
Suppose t - 1434 = -5*t. Suppose -2557 = -6*q + t. Is q a prime number?
False
Let t = -7451 + 12808. Is t a prime number?
False
Suppose -11242 + 37146 = 8*d. Is d composite?
True
Let f(x) = -x**2 - 19*x - 8. Let h be f(-15). Is 16269/39 + (-8)/h a composite number?
True
Suppose 13 + 158 = 3*b. Let f be (-247)/5 - 2/(-5). Let c = b - f. Is c composite?
True
Let o(s) = 409*s - 2. Let w be o(-12). Let j be w/(-30) + 4/(-6). Suppose j - 32 = x. Is x a composite number?
False
Suppose -5*j + 2*q - q = -129338, -2*q - 129341 = -5*j. Is j prime?
True
Let i(h) = -2497*h + 825. Is i(-58) a composite number?
True
Let v(h) be the second derivative of -1/6*h**4 + 1/20*h**5 + 0 - 1/2*h**3 - 3*h + 3*h**2. Is v(4) prime?
False
Let w(f) = 111*f**2 - 24*f - 118. Is w(-5) a composite number?
False
Let y be (22/(-5) - -2)/(2/(-10)). Suppose 0 = 14*v - y*v - 102. Is v a prime number?
False
Let a(l) = -l**2 - 7*l - 4. Let r be a(-6). Let y(q) = 80*q + 3. Let c be y(5). Suppose 3*s + r*f = 6*f + 1231, 5*f = s - c. Is s a prime number?
False
Let g(x) = -x**2 - 5*x - 6. Let p be g(-2). Suppose -3*o + 179 + 220 = p. Is o a prime number?
False
Let x be (-36)/8*(-502)/(-3). Let n(f) = -138*f + 32. Let l be n(8). Let g = x - l. Is g a composite number?
True
Suppose 44*o = 42*o - 198. Let t = 166 + o. Is t a prime number?
True
Is (1/3)/(24/111096) composite?
False
Let n = -7 + 12. Suppose -2*a - 5*v = 2*a - 36, 5*a + n*v = 45. Suppose a + 226 = 5*u. Is u composite?
False
Let o = 527 - -384. Is o a prime number?
True
Let k = -122704 + 205091. Is k prime?
True
Suppose 2*w - 3*j = 1052, -5*w + 4*j - 1014 + 3651 = 0. Suppose -3*n - 5*r = -313, -4*r + w = 5*n - 3*r. Is n prime?
False
Suppose -23 = f + 4*o - 5, -4*o = 0. Let k be ((-2)/6)/(1/f). Suppose -k*c + c = -655. Is c composite?
False
Let i(y) = -y**3 - 6*y**2 + 14*y + 30. Let m be i(-12). Let p = m - 355. Is p a composite number?
True
Let w(n) = 3 - 1401*n - 913*n + 663*n. Is w(-2) a prime number?
False
Let v = 3132 + 1415. Is v a composite number?
False
Let t = 2 + 19179. Is t a prime number?
True
Let a(k) = -2*k**2 - 26*k + 4. Let d be a(-13). Suppose 14*y - d*y - 21790 = 0. Is y a composite number?
False
Let c = -32 - -26. Is 18/c + (1 - -94) + -3 a prime number?
True
Suppose 16961 = 4*g - 17219. Is g a composite number?
True
Suppose -6*k = -2*k - 4. Is 668 + k - (-8 - -10) prime?
False
Let k(h) = 4*h**2 + 10*h + 65. Let a be -1 + -18 + -13 + 12. Is k(a) a prime number?
False
Let d be 5/35 - 9241/7. Let x = -913 - d. Is x a prime number?
False
Let t be 4 + 0/1 + -606. Let d = 1185 + t. Is d a composite number?
True
Suppose -5*q = -3*z + 739 - 2377, -4*q - 3*z + 1305 = 0. Suppose -l + q = -412. Is l a prime number?
True
Let b be ((-42)/9)/(4/6). Let q = 10 + b. Suppose -q*v + v = -298. Is v prime?
True
Let n = 8 + -4. Let y = 9 - n. Suppose 2*s + 3*x - 180 = y*x, -4*s - 5*x + 351 = 0. Is s a composite number?
False
Let u(o) = 2*o**2 + o + 3. Let b be u(2). Suppose -10*i + b*i = 4971. Is i a composite number?
False
Let t(c) be the second derivative of 41*c**5/4 + c**3/2 - c**2 + 39*c. Is t(1) a composite number?
True
Suppose 4*z + 36883 = 15*z. Is z a prime number?
False
Is -6 - 2*5414/(-4) a prime number?
False
Let a(w) = -49828*w**3 - w**2 - 3*w - 1. Is a(-1) prime?
False
Let m(d) = -d - 4. Let t be -2*-14*4/(-16). Let k be m(t). Is (-236)/(-6) + k/(-9) prime?
False
Let u be (184/(-10))/((-1)/5). Suppose 3*v = -517 - u. Let k = 114 - v. Is k composite?
False
Let y(s) be the second derivative of 7*s**6/360 - 9*s**5/40 + 3*s**4/4 - 8*s. Let n(g) be the third derivative of y(g). Is n(11) a prime number?
True
Suppose -13*v - 180 + 37 = 0. Let h(i) = -6*i + 40. Is h(v) a prime number?
False
Suppose -2*f = -f - 2. Suppose 3*h = -2*h - 25, 3*p = -f*h + 3167. Let u = -632 + p. Is u composite?
True
Let v be (-3502)/51*3*-10. Suppose -5*r = 8*w - 3*w - v, -5*w + 2*r = -2025. Is w composite?
True
Let x = 111 + -103. Suppose -2*h = -x - 786. Is h composite?
False
Suppose -19 - 16 = -a. Let x = a - -41. Let r = x - 41. Is r prime?
False
Suppose -3*b = -2*c - 9, 4*c - 1 = -b + 2. Is -3 + (b - 2 - -145) prime?
False
Let o(c) = -11462*c - 4. Let m be o(1). Is (-6)/33 - m/22 composite?
False
Suppose 1490 - 9179 = -33*c. Is c a prime number?
True
Suppose 0 = 2*t + 10, 17426 = 3*r - 0*t - t. Is r composite?
False
Let q(l) = -34*l - 1. Let c be q(1). Let m = 72 + c. Let z = 22 + m. Is z composite?
False
Let s = 1584 - 670. Let z = -246 + s. Suppose 0 = 5*v - v - z. Is v a composite number?
False
Let g = 27229 - 2948. Is g a composite number?
False
Suppose -r - 5*p = r - 30, r + 4*p - 21 = 0. Suppose -r*c - 2*n + 209 = n, 178 = 4*c - 3*n. Is c a prime number?
True
Let w(f) = 42*f + 1. Let u be -1 - ((-80)/14 + 18/(-63)). Is w(u) composite?
False
Let o(c) = c**2 + 12*c + 3. Let g be o(-16). Suppose -5*s + g = -168. Let t = 66 - s. Is t prime?
True
Suppose 4*k = 5 + 3. Let g(y) = 8 + y**k + 0*y**2 - 7 + y**2 - 2*y**3 + 4*y. Is g(-4) a prime number?
False
Let h(i) = i**2 + 6*i + 619. Is h(0) a composite number?
False
Suppose 3*p = 4*d - 228125, 12*d - 14*d + 3*p = -114067. Is d composite?
True
Let m be 6/(4*12/16). Let k(h) = 48*h + 10. Is k(m) composite?
True
Let x = 3282 + 707. Is x a composite number?
False
Suppose -38*z = -27*z - 55759. Is z a composite number?
True
Let m = 8 - 5. Let d(u) = u**3 - 4*u**2 + 4*u - 1. Let o be d(4). Suppose -o = -m*w + 2*w. Is w a composite number?
True
Let u = -515 + 114. Is -2 - 0 - (u - -16) a prime number?
True
Is -6 + 7 + 71118 + 4 composite?
True
Let p = -164 - -492. Is ((1 - -1) + p/(-16))*-62 composite?
True
Suppose 2*d - 1713 = -3*o, -249 - 1458 = -2*d + 3*o. Let f = d + 49. Suppose -5*s = -f - 271. Is s a prime number?
False
Suppose 6*p - 12372 - 13986 = 0. Is p prime?
False
Let k be (-40)/8*(-2 + 1). Suppose -k*w = -4*m + 16, -m - 4*w + 3 = -1. Is (6/m)/(33/8338) a prime number?
True
Let x be (4/10)/((-6)/(-35))*339. Suppose 0 = -4*b + x + 4693. Is b prime?
False
Suppose -2*t + 14 = -2*l, 0 = 3*t + 2*l - 1 - 10. Suppose t*s + 5*b - 3915 = 0, 2491 = 3*s + 4*b + 146. Is s a prime number?
True
Suppose -2*y = 3*y. Suppose -4 = -0*d - d, y = -3*l + 4*d + 1733. Is l a prime number?
False
Let o = -2253 - -5931. Suppose -1 = -3*q + 14, -2*r + o = 4*q. Is r prime?
False
Let p be ((-4 - -1) + 9)*211. Suppose 0*m + p = 2*m. Suppose -3*w + 6*w = 4*t + 633, -m = -3*w + t. Is w composite?
False
Let q(a) = 14*a**3 - 12*a**2 + 11*a + 12. Is q(7) composite?
True
Suppose 0 = -3*u - 3*c + 78, -36 = -2*u + u - 3*c. Suppose -3*t = -0*t - 3*m + 27, t - u = -5*m. Let z(q) = 12*q**2 - 6*q - 5. Is z(t) composite?
False
Let i = 27 - 24. Suppose -2*x - 235 = -f + i*x, 0 = -f - 4*x + 235. Is f prime?
False
Let w = -13 + 22. Let s be 5*(-1)/((-15)/w). Suppose -s*c + 5*z = -454, 5*c - 374 - 316 = -5*z. Is c prime?
False
Suppose 0 = -g + 5*g. Let l be 6/15 + (-46)/(-10). Suppose l*z + 10 = g, -z - z + 129 = v. Is v a composite number?